culate the greatest common divisor of 621278 and 398.
398
What is the greatest common divisor of 204 and 12252?
12
Calculate the highest common divisor of 19340 and 160.
20
What is the highest common factor of 98281 and 87?
29
What is the greatest common divisor of 52384 and 16?
16
Calculate the highest common factor of 37638 and 510.
102
Calculate the greatest common divisor of 691 and 4062389.
691
Calculate the greatest common factor of 187 and 461769.
11
What is the highest common divisor of 214232 and 732?
244
What is the greatest common divisor of 4 and 156069?
1
What is the greatest common factor of 289 and 359?
1
What is the greatest common factor of 2695 and 12775?
35
What is the greatest common factor of 96168 and 84?
12
Calculate the highest common divisor of 4995 and 4185.
135
Calculate the greatest common divisor of 209872 and 39.
13
Calculate the highest common factor of 11682 and 3771.
9
What is the greatest common factor of 112 and 438728?
8
What is the highest common divisor of 7279 and 638?
29
Calculate the highest common divisor of 441 and 57519.
63
What is the greatest common factor of 25090 and 52?
26
What is the greatest common divisor of 64 and 15832?
8
Calculate the highest common factor of 28816 and 1808.
16
What is the greatest common divisor of 13207 and 46060?
47
Calculate the greatest common divisor of 472 and 7375.
59
Calculate the greatest common divisor of 14027 and 1411.
83
Calculate the highest common factor of 20 and 170640.
20
What is the highest common factor of 827398 and 4734?
526
Calculate the greatest common divisor of 24684 and 2040.
204
What is the highest common divisor of 758919 and 525?
21
What is the highest common factor of 1422 and 66582?
18
What is the greatest common factor of 25090 and 19630?
130
Calculate the highest common divisor of 73067 and 434.
31
Calculate the highest common factor of 40356 and 33516.
684
What is the greatest common factor of 7300 and 803?
73
Calculate the highest common divisor of 5353 and 2597.
53
What is the highest common divisor of 125290 and 323?
17
What is the greatest common divisor of 24832 and 291?
97
Calculate the highest common factor of 169011 and 89.
89
What is the greatest common factor of 93150 and 450?
450
Calculate the greatest common divisor of 7974 and 4734.
18
Calculate the highest common divisor of 3092303 and 998.
499
What is the greatest common divisor of 152532 and 36?
36
Calculate the highest common divisor of 459 and 4374.
27
What is the highest common factor of 61662 and 774?
258
Calculate the highest common factor of 416040 and 48.
24
What is the greatest common factor of 6100784 and 32?
16
What is the highest common divisor of 563676 and 29852?
1756
What is the greatest common factor of 231 and 161469?
231
What is the highest common factor of 72 and 18992?
8
Calculate the greatest common factor of 83057 and 39.
13
What is the highest common divisor of 1256 and 153389?
157
Calculate the greatest common divisor of 47927 and 1.
1
What is the highest common factor of 1221430 and 350?
70
Calculate the highest common divisor of 4956 and 39228.
84
Calculate the highest common factor of 1982304 and 16.
16
What is the highest common divisor of 20 and 3856690?
10
What is the highest common divisor of 83369 and 27401?
583
What is the highest common divisor of 1477211 and 211?
211
Calculate the greatest common divisor of 363758 and 7170.
478
Calculate the highest common divisor of 3519 and 111537.
153
What is the greatest common divisor of 10784 and 864?
32
Calculate the highest common divisor of 22638 and 30.
6
What is the highest common factor of 480244 and 19?
19
Calculate the highest common factor of 17453 and 3503.
31
What is the greatest common divisor of 441 and 103383?
63
Calculate the highest common divisor of 1150 and 7200.
50
What is the highest common factor of 8607 and 1254?
57
Calculate the highest common divisor of 744 and 13128.
24
What is the highest common divisor of 7803 and 72063?
459
What is the highest common factor of 744 and 91543?
31
Calculate the greatest common divisor of 4288 and 20569.
67
What is the highest common divisor of 1290 and 474?
6
Calculate the greatest common divisor of 112 and 201908.
28
Calculate the highest common divisor of 1324195 and 10.
5
Calculate the highest common divisor of 61802 and 26.
26
What is the highest common factor of 12 and 32196?
12
What is the greatest common divisor of 854175 and 175?
175
What is the greatest common factor of 448798 and 14?
14
What is the greatest common divisor of 200 and 726200?
200
What is the highest common divisor of 537 and 261519?
537
Calculate the greatest common divisor of 899 and 11281.
29
Calculate the greatest common divisor of 2242630 and 2366.
338
What is the greatest common factor of 873 and 1143?
9
Calculate the greatest common divisor of 26 and 541658.
26
Calculate the highest common divisor of 247 and 27443.
13
What is the greatest common factor of 168219 and 18?
9
What is the greatest common factor of 4201276 and 444?
148
Calculate the highest common divisor of 19272 and 1320.
264
Calculate the highest common factor of 2832 and 19056.
48
Calculate the greatest common factor of 1307400 and 120.
120
Calculate the greatest common factor of 204 and 82382.
34
What is the greatest common divisor of 14 and 54698?
14
Calculate the greatest common divisor of 27388 and 11152.
164
Calculate the highest common divisor of 184 and 177560.
184
What is the highest common divisor of 13294 and 102?
34
What is the greatest common factor of 519 and 825?
3
What is the greatest common factor of 42 and 369?
3
What is the greatest common divisor of 620 and 2855?
5
What is the greatest common factor of 696897 and 4293?
1431
What is the greatest common divisor of 916 and 744708?
916
Calculate the highest common factor of 10209 and 1230.
123
What is the greatest common divisor of 147 and 361263?
21
Calculate the highest common factor of 122 and 203374.
122
What is the highest common divisor of 39520 and 96?
32
What is the highest common divisor of 36 and 29826?
18
Calculate the highest common factor of 140000 and 17625.
125
Calculate the highest common factor of 640 and 2930.
10
What is the greatest common divisor of 8656 and 976?
16
Calculate the highest common divisor of 10249 and 19667.
277
What is the highest common factor of 1243 and 93841?
11
What is the highest common divisor of 949403 and 273?
91
Calculate the greatest common factor of 2106 and 13858.
26
Calculate the greatest common divisor of 13592891 and 13.
13
Calculate the highest common divisor of 340 and 1184492.
68
What is the greatest common divisor of 1272 and 573?
3
Calculate the highest common factor of 9870 and 196.
14
Calculate the greatest common factor of 152 and 74.
2
What is the highest common divisor of 62460 and 820?
20
Calculate the greatest common divisor of 135300 and 100.
100
Calculate the highest common divisor of 989 and 14513.
23
What is the highest common factor of 205 and 77490?
205
Calculate the highest common factor of 16 and 321872.
16
What is the greatest common factor of 48 and 23004?
12
Calculate the greatest common factor of 217 and 27373.
31
Calculate the greatest common factor of 1890 and 476.
14
What is the greatest common factor of 2416 and 40?
8
What is the greatest common divisor of 10320 and 2279?
43
What is the highest common divisor of 6580 and 1190?
70
What is the greatest common divisor of 16 and 35152?
16
What is the highest common factor of 44 and 1818916?
44
Calculate the highest common divisor of 645 and 75.
15
Calculate the greatest common factor of 52228 and 308.
44
What is the greatest common factor of 515869 and 361?
361
What is the highest common factor of 8 and 1780?
4
Calculate the highest common factor of 338118 and 11.
11
What is the highest common divisor of 49044 and 6588?
732
Calculate the greatest common factor of 161960 and 1720.
40
What is the greatest common factor of 11842 and 682?
62
What is the greatest common divisor of 225484 and 56?
28
Calculate the greatest common divisor of 61335 and 29.
29
What is the greatest common divisor of 269016 and 136?
8
What is the greatest common factor of 2 and 8228?
2
Calculate the greatest common factor of 8004 a